65
What is the remainder when 180 is divided by 37?
32
What is the remainder when 543 is divided by 19?
11
What is the remainder when 348 is divided by 56?
12
What is the remainder when 791 is divided by 563?
228
What is the remainder when 97 is divided by 33?
31
Calculate the remainder when 30 is divided by 29.
1
What is the remainder when 4305 is divided by 31?
27
Calculate the remainder when 1340 is divided by 70.
10
Calculate the remainder when 390 is divided by 24.
6
Calculate the remainder when 25 is divided by 18.
7
Calculate the remainder when 701 is divided by 89.
78
What is the remainder when 1508 is divided by 141?
98
Calculate the remainder when 621 is divided by 138.
69
Calculate the remainder when 2036 is divided by 666.
38
Calculate the remainder when 4122 is divided by 12.
6
What is the remainder when 1724 is divided by 102?
92
What is the remainder when 208 is divided by 72?
64
What is the remainder when 477 is divided by 41?
26
Calculate the remainder when 46 is divided by 9.
1
Calculate the remainder when 349 is divided by 89.
82
Calculate the remainder when 246 is divided by 67.
45
Calculate the remainder when 463 is divided by 117.
112
Calculate the remainder when 14 is divided by 5.
4
Calculate the remainder when 903 is divided by 299.
6
What is the remainder when 599 is divided by 30?
29
What is the remainder when 283 is divided by 22?
19
What is the remainder when 50 is divided by 23?
4
What is the remainder when 165 is divided by 28?
25
What is the remainder when 878 is divided by 41?
17
Calculate the remainder when 3143 is divided by 1565.
13
Calculate the remainder when 1836 is divided by 258.
30
What is the remainder when 178 is divided by 39?
22
What is the remainder when 151 is divided by 39?
34
Calculate the remainder when 2043 is divided by 64.
59
What is the remainder when 10973 is divided by 2741?
9
Calculate the remainder when 7843 is divided by 37.
36
What is the remainder when 1046 is divided by 8?
6
Calculate the remainder when 1380 is divided by 28.
8
What is the remainder when 109 is divided by 8?
5
What is the remainder when 629 is divided by 582?
47
Calculate the remainder when 6861 is divided by 286.
283
What is the remainder when 340 is divided by 33?
10
Calculate the remainder when 465 is divided by 26.
23
What is the remainder when 620 is divided by 275?
70
Calculate the remainder when 309 is divided by 18.
3
What is the remainder when 890 is divided by 64?
58
Calculate the remainder when 124 is divided by 34.
22
What is the remainder when 110 is divided by 2?
0
What is the remainder when 1159 is divided by 255?
139
Calculate the remainder when 301 is divided by 13.
2
What is the remainder when 666 is divided by 32?
26
Calculate the remainder when 4926 is divided by 170.
166
What is the remainder when 12959 is divided by 14?
9
What is the remainder when 449 is divided by 18?
17
Calculate the remainder when 282 is divided by 93.
3
What is the remainder when 326 is divided by 44?
18
What is the remainder when 71 is divided by 22?
5
What is the remainder when 213 is divided by 27?
24
What is the remainder when 46 is divided by 23?
0
What is the remainder when 327 is divided by 30?
27
Calculate the remainder when 371 is divided by 82.
43
What is the remainder when 587 is divided by 31?
29
What is the remainder when 610 is divided by 36?
34
What is the remainder when 454 is divided by 65?
64
Calculate the remainder when 90 is divided by 36.
18
What is the remainder when 127 is divided by 84?
43
Calculate the remainder when 1388 is divided by 34.
28
Calculate the remainder when 4474 is divided by 25.
24
Calculate the remainder when 101 is divided by 95.
6
Calculate the remainder when 233 is divided by 19.
5
What is the remainder when 925 is divided by 16?
13
Calculate the remainder when 611 is divided by 32.
3
What is the remainder when 1438 is divided by 36?
34
What is the remainder when 104 is divided by 56?
48
What is the remainder when 242 is divided by 40?
2
Calculate the remainder when 172 is divided by 22.
18
Calculate the remainder when 4184 is divided by 17.
2
What is the remainder when 365 is divided by 136?
93
What is the remainder when 2885 is divided by 952?
29
What is the remainder when 19 is divided by 7?
5
What is the remainder when 25283 is divided by 43?
42
Calculate the remainder when 334 is divided by 28.
26
Calculate the remainder when 58 is divided by 27.
4
Calculate the remainder when 4810 is divided by 43.
37
What is the remainder when 111 is divided by 7?
6
Calculate the remainder when 1517 is divided by 66.
65
Calculate the remainder when 64 is divided by 22.
20
What is the remainder when 581 is divided by 9?
5
Calculate the remainder when 1878 is divided by 225.
78
Calculate the remainder when 491 is divided by 99.
95
Calculate the remainder when 581 is divided by 6.
5
Calculate the remainder when 726 is divided by 74.
60
Calculate the remainder when 333 is divided by 66.
3
What is the remainder when 346 is divided by 30?
16
What is the remainder when 189 is divided by 38?
37
What is the remainder when 1278 is divided by 337?
267
Calculate the remainder when 319 is divided by 38.
15
Calculate the remainder when 327 is divided by 107.
6
Calculate the remainder when 329 is divided by 28.
21
What is the remainder when 52 is divided by 5?
2
What is the remainder when 952 is divided by 234?
16
Calculate the remainder when 204 is divided by 44.
28
Calculate the remainder when 148 is divided by 32.
20
Calculate the remainder when 6102 is divided by 130.
122
What is the remainder when 18 is divided by 4?
2
Calculate the remainder when 2340 is divided by 10.
0
Calculate the remainder when 136 is divided by 28.
24
Calculate the remainder when 313 is divided by 4.
1
Calculate the remainder when 734 is divided by 67.
64
What is the remainder when 1596 is divided by 39?
36
What is the remainder when 15 is divided by 10?
5
What is the remainder when 2464 is divided by 148?
96
What is the remainder when 4049 is divided by 225?
224
What is the remainder when 40 is divided by 16?
8
What is the remainder when 309 is divided by 10?
9
What is the remainder when 133 is divided by 80?
53
Calculate the remainder when 375 is divided by 7.
4
Calculate the remainder when 977 is divided by 66.
53
Calculate the remainder when 572 is divided by 181.
29
What is the remainder when 266 is divided by 90?
86
What is the remainder when 238 is divided by 128?
110
What is the remainder when 591 is divided by 35?
31
What is the remainder when 916 is divided by 9?
7
What is the remainder when 19 is divided by 5?
4
What is the remainder when 136 is divided by 73?
63
What is the remainder when 113 is divided by 43?
27
Calculate the remainder when 550 is divided by 83.
52
Calculate the remainder when 235 is divided by 16.
11
What is the remainder when 731 is divided by 235?
26
Calculate the remainder when 664 is divided by 132.
4
Calculate the remainder when 667 is divided by 67.
64
What is the remainder when 237 is divided by 80?
77
Calculate the remainder when 713 is divided by 16.
9
Calculate the remainder when 2089 is divided by 419.
413
What is the remainder when 817 is divided by 174?
121
What is the remainder when 2031 is divided by 11?
7
What is the remainder when 337 is divided by 26?
25
What is the remainder when 41 is divided by 6?
5
What is the remainder when 738 is divided by 159?
102
What is the remainder when 299 is divided by 55?
24
Calculate the remainder when 77 is divided by 21.
14
What is the remainder when 37 is divided by 7?
2
Calculate the remainder when 1592 is divided by 28.
24
Calculate the remainder when 699 is divided by 98.
13
Calculate the remainder when 142 is divided by 62.
18
Calculate the remainder when 384 is divided by 49.
41
Calculate the remainder when 648 is divided by 31.
28
What is the remainder when 402 is divided by 193?
16
Calculate the remainder when 1064 is divided by 403.
258
Calculate the remainder when 538 is divided by 68.
62
Calculate the remainder when 141 is divided by 88.
53
What is the remainder when 373 is divided by 15?
13
Calculate the remainder when 503 is divided by 42.
41
What is the remainder when 39 is divided by 8?
7
What is the remainder when 779 is 